5921. What is the remainder when 6070 is divided by u?
238
What is the remainder when 90 is divided by (-816)/40 + 20 - (-134)/10?
12
Suppose -49*l + 50*l - 184 = 0. Calculate the remainder when l is divided by 168.
16
Let d(r) = -696*r + 5606. What is the remainder when 1086 is divided by d(8)?
22
Let z be 9/18*1614 - (-2 + -1). Let q = z - 428. Calculate the remainder when q is divided by 55.
52
Suppose 5*y - 50 + 5 = 0. Let g(b) = b + 332. Let p be g(13). Suppose 69*v + p = 92*v. Calculate the remainder when v is divided by y.
6
Suppose -20 = 2*z + 2. Let w(a) = a**3 + 12*a**2 + 8*a - 14. Let o(b) = 4*b**2 - 3*b + 4. What is the remainder when o(6) is divided by w(z)?
16
Let a = -2 - -5. Let t(h) = 37 + 15*h + 46 + 36 - 125. What is the remainder when t(a) is divided by 8?
7
Let v(h) = 2*h**3 - 5*h**2 + 9*h - 12. Let g be v(10). Let z be 4/14 - (-3 + g/(-14)). Suppose -6*p + 4*p = -z. What is the remainder when p is divided by 30?
28
Suppose 3*s - 26 = -5*r + 431, -5*r + 463 = -3*s. What is the remainder when 538 is divided by r?
78
Let i = -235 - -232. Calculate the remainder when 645/(1 + 4)*(-3)/i is divided by 65.
64
Calculate the remainder when (881 - -1)*(304/(-56) + 8) is divided by 253.
244
Let t = 57 + 13. Suppose 455*x + 79*x = 184230. Calculate the remainder when x is divided by t.
65
Suppose 2*k = -3 + 15. Calculate the remainder when (-55)/22 + 243/k is divided by 11.
5
Let p = -4208 - -4318. Calculate the remainder when 2529 is divided by p.
109
Suppose 5364 = f + 1313*w - 1316*w, -5350 = -f - 4*w. What is the remainder when f is divided by 31?
26
Let k(q) be the third derivative of 0 + 19/6*q**3 + 7/20*q**5 - 1/12*q**4 + 1/120*q**6 + 17*q**2 + 0*q. Calculate the remainder when k(-21) is divided by 13.
9
Suppose -4*y + 3*b - 307 = -1820, -1498 = -4*y - 2*b. Calculate the remainder when 393 is divided by y.
17
Let d = 611 - 271. What is the remainder when d is divided by ((-22)/(-15))/(2070/15525)?
10
Suppose -8*c - 2254 = -61*c + 12056. Calculate the remainder when 814 is divided by c.
4
Let f be (-2 + (-27)/(-6))*2. Suppose -4*t = f*p - 171, -t + 4*p = 6*p - 39. Calculate the remainder when t is divided by 18.
13
Let u = 267 - 191. Suppose 0 = 4*c - 0*c + g - 101, -g = c - 26. Let v = u - c. Calculate the remainder when v is divided by 18.
15
Suppose 35*y + 870 = 36*y - 5*t, -t = 5*y - 4428. What is the remainder when y is divided by 148?
145
Suppose 0 = -144*i + 1065 + 9879. Calculate the remainder when 450 is divided by i.
70
Suppose -3*b + t + 56 = 0, 2*b - t - 28 = 10. Suppose o + 0 - 5 = 0. What is the remainder when b/(((-1)/(-2))/((-1)/(-2))) is divided by o?
3
Suppose 0 = 5*a - 2*l - 250, 5*a - 3*l - 218 - 37 = 0. Suppose 38*h - a*h + 170 = 0. Calculate the remainder when -1 + 65 + (-2)/2 is divided by h.
12
Suppose 15 = n + 2*n. Suppose 2*v = 0, -u + 6*u - 190 = -n*v. Let m(j) = 71*j**2 - 697*j - 18. Calculate the remainder when m(10) is divided by u.
36
Suppose -3*b = -5*s - 9710, 5*b + 82*s - 86*s - 16205 = 0. Calculate the remainder when b is divided by 191.
189
Let d = 9503 + -7816. Calculate the remainder when d is divided by 1676.
11
Let x be (-124)/8*72/(-18). Suppose 0 = -x*q + 57*q + 35. Calculate the remainder when 207 is divided by q.
4
Suppose -401*s + 406*s - 60 = 0. What is the remainder when 487 is divided by s?
7
Let u(z) = 86*z**2 + 1817*z + 18193. What is the remainder when u(-10) is divided by 49?
48
Suppose 38*v - 80*v = -5796. What is the remainder when v is divided by 90?
48
Suppose -3*w + 4*g + 40 = -0*g, 4*g + 4 = 0. Suppose -3*q - 245 = -47. Let l = -22 - q. Calculate the remainder when l is divided by w.
8
Let f(u) = u**2 + 8*u + 86. Suppose -9*k - 240 = 3*k. Calculate the remainder when f(k) is divided by 55.
51
Let u = -101 + 109. Let m(q) = 16*q**2 - 10*q - 15. What is the remainder when m(-2) is divided by u?
5
Let f = -4655 - -4712. Calculate the remainder when f is divided by 9.
3
Let x(i) = 28*i + 618. Calculate the remainder when x(-8) is divided by 61.
28
Let h(l) be the first derivative of -1/4*l**4 + 5/2*l**2 + 12*l - 5 - 1/3*l**3. What is the remainder when h(-3) is divided by 5?
0
Suppose 41*h = 53*h - 156. Let f = -16 + 18. Suppose -g - 48 = -f*g. Calculate the remainder when g is divided by h.
9
Let m(b) be the second derivative of b**4/12 + 4*b**3/3 - 7*b**2/2 - 7*b + 5. Calculate the remainder when m(-12) is divided by 22.
19
Let g(l) = 3*l - 8. Let k be g(4). Calculate the remainder when 0 + k - (-135)/5 - 3 is divided by 7.
0
Suppose -5*m + 52 = 3*l, -5*l + m + 90 = 6*m. Suppose 3*s = -2*s - 30. Calculate the remainder when l is divided by (-110)/(-15) + 2/s.
5
Let p(t) = t**3 - 12*t**2 - 24*t + 150. Calculate the remainder when 341 is divided by p(13).
5
Let z = 70 - 39. Suppose -5*v - 5*f + 3*f = -442, 0 = -v + f + 87. What is the remainder when v is divided by z?
26
Let l = -23461 + 24527. Calculate the remainder when l is divided by 255.
46
Suppose 3*s = s + 16. Calculate the remainder when 516/22 - (-204)/374 is divided by (s/(-14))/((-8)/56).
0
Suppose -4*m = 5*s - 75, -99 = -3*m + 4*s - 35. Calculate the remainder when 2285 is divided by m.
5
Let c = 651 - 408. Suppose -3*w - c = -2*x - 41, 3*x - 316 = -2*w. Let y = -53 + 74. What is the remainder when x is divided by y?
20
Calculate the remainder when 6 - (86 + -1)/((-7 - 12)/19) is divided by 40.
11
What is the remainder when (10/12)/5 + (-33)/(-18) - -400 is divided by 85?
62
Suppose 0 = -8*o + 21*o - 169. Suppose 4*t - 23 = 2*k + 5, 5*t - 65 = -5*k. Calculate the remainder when o is divided by t.
4
What is the remainder when 964 is divided by 2*(226/48*26 - (-36)/432)?
229
Let r(z) = 10*z - 561. What is the remainder when 459 is divided by r(68)?
102
Let a = 1306 + -1255. Calculate the remainder when 483 is divided by a.
24
Let k be 92/3 + (-4)/6. Let r = 37 - k. Suppose -4*h = x - 46, -27 = -3*x + 4*h + 63. What is the remainder when x is divided by r?
6
Suppose 2*d = -2*o + 20, 0 = 3*d + 2*d - 3*o - 26. Suppose -d*q + 187 = -30. Calculate the remainder when q is divided by 8.
7
Suppose -38*n + 2646 = -8*n + 24*n. Calculate the remainder when 449 is divided by n.
8
Suppose -21*z + 105 + 714 = 0. Suppose 2622 = 34*v - 11*v. What is the remainder when v is divided by z?
36
Let s(h) = h**3 + 21*h**2 + 56*h + 393. Calculate the remainder when 163 is divided by s(-19).
10
What is the remainder when (2/(-18))/((-360)/1493640) is divided by 11*1*(1 - 0)?
10
Suppose -3*f - 112 = 6*b - 7*b, 5*b - 526 = -2*f. Calculate the remainder when b is divided by 51.
4
Let y(x) = 2*x**2 - 6*x + 28. Let n be y(17). Suppose 30*s = 24*s + n. Calculate the remainder when s is divided by 25.
9
Suppose -86 = -4*i - 14. Let r = i - 7. Let c = -12992 - -13008. Calculate the remainder when c is divided by r.
5
Let i = 54 + -29. Let j(l) = -4*l + 74. Let c be j(12). Let u = 71 + c. Calculate the remainder when u is divided by i.
22
What is the remainder when 1322 is divided by 59*(-18 + 209/11)?
24
Suppose 14*p = -33*p - 188. Calculate the remainder when 173*(-6 + 5 - p) is divided by 13.
12
Let i(j) = 9*j**2 - 24*j + 25*j + j**3 - 29 + 0*j**2. What is the remainder when i(-6) is divided by 13?
8
Let a be 1014/(-4) - 11/(-22). Let n = a + 282. What is the remainder when 54 is divided by n?
25
Let z = 576 + -350. Suppose 12*i - 19 - 17 = 0. Suppose 0 = -4*s + 11*b - 7*b + 132, 0 = -i*s - 2*b + 124. What is the remainder when z is divided by s?
36
Let k = 49 - 33. Let l(f) = f**2 + 42*f - 740. Calculate the remainder when l(14) is divided by k.
12
Let v = -10795 + 10814. What is the remainder when 429 is divided by v?
11
Let w = -110 + 140. Let z be 12/2*(12/9)/2. Suppose 0 = z*m - 179 - 53. What is the remainder when m is divided by w?
28
Let x(l) be the first derivative of 15*l**4/2 - 4*l**3/3 - l**2/2 + 4*l + 196. What is the remainder when x(1) is divided by 10?
9
Suppose 3*r - 3*g + 528 = -g, -5*r - 4*g - 858 = 0. Let x = r - -209. Calculate the remainder when 49 is divided by x.
14
Suppose 81*s = 78*s + w + 177, -s - 2*w = -52. What is the remainder when 97 is divided by s?
39
Calculate the remainder when 423 is divided by ((-15222)/(-590))/(1 - (-28)/(-40)).
79
Suppose 4*g - 3*u = 19, 9 = -621*u + 624*u. What is the remainder when